{"id":160,"date":"2023-05-09T00:23:38","date_gmt":"2023-05-09T00:23:38","guid":{"rendered":"http:\/\/www2.sbc.org.br\/ce-acpad\/?page_id=160"},"modified":"2026-03-16T21:37:15","modified_gmt":"2026-03-16T21:37:15","slug":"sscad","status":"publish","type":"page","link":"https:\/\/www2.sbc.org.br\/ce-acpad\/sscad\/","title":{"rendered":"SSCAD"},"content":{"rendered":"\n<p>O <strong>Simp\u00f3sio em Sistemas Computacionais de Alto Desempenho (SSCAD)<\/strong> \u00e9 o principal evento nacional das \u00e1reas de Arquitetura de Computadores, Processamento de Alto Desempenho e Sistemas Distribu\u00eddos. Criado em 2000, originalmente com a sigla &#8220;WSCAD&#8221;, o simp\u00f3sio apresenta as principais pesquisas, desenvolvimentos, aplica\u00e7\u00f5es e tend\u00eancias nas \u00e1reas de Arquitetura de Computadores, Processamento de Alto Desempenho e Sistemas Distribu\u00eddos. A partir de 2024, em sua 25<sup>a<\/sup> edi\u00e7\u00e3o, o evento passou a ter a sigla &#8220;SSCAD&#8221;.<\/p>\n\n\n\n<p>Em conjunto com o SSCAD ocorrem os seguintes eventos:<\/p>\n\n\n\n<ul class=\"wp-block-list\">\n<li><strong>Concurso de Teses e Disserta\u00e7\u00f5es em Arquitetura de Computadores e Computa\u00e7\u00e3o de Alto Desempenho (SSCAD-CTD)<\/strong>: A CE-ACPAD promove o concurso de teses e disserta\u00e7\u00f5es em Arquitetura de Computadores e Computa\u00e7\u00e3o de Alto Desempenho (SSCAD-CTD), premiando a melhor tese de doutorado e disserta\u00e7\u00e3o de mestrado na \u00e1rea durante o SSCAD. Podem participar trabalhos defendidos e homologados a partir de janeiro do ano anterior da edi\u00e7\u00e3o at\u00e9 a data da submiss\u00e3o.<\/li>\n\n\n\n<li><strong>Workshop de Inicia\u00e7\u00e3o Cient\u00edfica do WSCAD (SSCAD-WIC)<\/strong>: O Workshop de Inicia\u00e7\u00e3o Cient\u00edfica (SSCAD-WIC) \u00e9 um evento anual realizado em conjunto com o SSCAD, oferecendo uma oportunidade para os alunos de gradua\u00e7\u00e3o apresentarem seus trabalhos nos t\u00f3picos de interesse do evento.<\/li>\n\n\n\n<li><strong>Workshop sobre Educa\u00e7\u00e3o em Arquitetura de Computadores (WEAC)<\/strong>: A principal meta deste workshop \u00e9 prover um ambiente (f\u00f3rum) para professores, pesquisadores e estudantes trocarem, compartilharem e discutirem suas experi\u00eancias, novas ideias e resultados de pesquisas em todos os aspectos e t\u00f3picos relacionados com a educa\u00e7\u00e3o (aprendizado e ensino) em Arquitetura de Computadores.<\/li>\n<\/ul>\n\n\n\n<h4 class=\"wp-block-heading\">Pr\u00f3xima Edi\u00e7\u00e3o<\/h4>\n\n\n\n<p><a href=\"https:\/\/www.sbc.org.br\/sscad2026\" target=\"_blank\" rel=\"noreferrer noopener\">XXVII Simp\u00f3sio em Sistemas Computacionais de Alto Desempenho (SSCAD 2026) de 3 a 5 de Novembro 2026 &#8211; Natal, RN<\/a><\/p>\n\n\n\n<h4 class=\"wp-block-heading\">Edi\u00e7\u00f5es Passadas<\/h4>\n\n\n\n<figure class=\"wp-block-table\"><table class=\"has-fixed-layout\"><tbody><tr><th>Edi\u00e7\u00e3o\/Site<\/th><th>Data<\/th><th>Local<\/th><th>Anais<\/th><\/tr><tr><td><a href=\"https:\/\/sscad2025.ufms.br\/\" data-type=\"link\" data-id=\"https:\/\/sscad2025.ufms.br\/\">SSCAD-2025<\/a><\/td><td>28 a 31 de outubro<\/td><td>Bonito, MS<\/td><td><\/td><\/tr><tr><td><a href=\"https:\/\/ce-acpad.github.io\/sscad2024\/\">SSCAD 2024<\/a><\/td><td>23 a 25 de outubro<\/td><td>S\u00e3o Carlos, SP<\/td><td><a href=\"http:\/\/sol.sbc.org.br\/index.php\/sscad\">SSCAD<\/a>, <a href=\"http:\/\/sol.sbc.org.br\/index.php\/sscad_estendido\">SSCAD-WIC<\/a><\/td><\/tr><tr><td><a href=\"https:\/\/cradrs.github.io\/wscad2023\/\">WSCAD 2023<\/a><\/td><td>17 a 20 de outubro<\/td><td>Porto Alegre, RS<\/td><td><a href=\"https:\/\/sol.sbc.org.br\/index.php\/wscad\/issue\/view\/1189\">WSCAD<\/a>,&nbsp;<a href=\"https:\/\/sol.sbc.org.br\/index.php\/sscad_estendido\/issue\/view\/1187\">WSCAD-WIC<\/a>,&nbsp;<a href=\"https:\/\/sol.sbc.org.br\/livros\/index.php\/sbc\/catalog\/book\/133\">Minicursos<\/a><\/td><\/tr><tr><td><a href=\"https:\/\/wscad.ufsc.br\/\">WSCAD 2022<\/a><\/td><td>19 a 21 de outubro<\/td><td>Florian\u00f3polis, SC<\/td><td><a href=\"https:\/\/sol.sbc.org.br\/index.php\/wscad\/issue\/view\/993\">WSCAD<\/a>,&nbsp;<a href=\"https:\/\/sol.sbc.org.br\/index.php\/sscad_estendido\/issue\/view\/990\">WSCAD-WIC<\/a>,&nbsp;<a href=\"https:\/\/sol.sbc.org.br\/livros\/index.php\/sbc\/catalog\/book\/109\">Minicursos<\/a><\/td><\/tr><tr><td><a href=\"https:\/\/www.wscad2021.dcc.ufmg.br\/\">WSCAD 2021<\/a><\/td><td>26 a 29 de outubro<\/td><td>Belo Horizonte, MG<\/td><td><a href=\"https:\/\/sol.sbc.org.br\/index.php\/wscad\/issue\/view\/860\">WSCAD<\/a>,&nbsp;<a href=\"https:\/\/sol.sbc.org.br\/index.php\/sscad_estendido\/issue\/view\/867\">WSCAD-WIC<\/a><\/td><\/tr><tr><td><a href=\"http:\/\/www2.sbc.org.br\/wscad\/2020\/\">WSCAD 2020<\/a><\/td><td>21 a 23 de outubro<\/td><td>Santo Andr\u00e9, SP<\/td><td><a href=\"https:\/\/sol.sbc.org.br\/index.php\/wscad\/issue\/view\/699\">WSCAD<\/a>,&nbsp;<a href=\"https:\/\/sol.sbc.org.br\/index.php\/sscad_estendido\/issue\/view\/700\">WSCAD-WIC<\/a>,&nbsp;<a href=\"https:\/\/sol.sbc.org.br\/index.php\/wscad_estendido\/issue\/view\/700\">WEAC<\/a><\/td><\/tr><tr><td><a href=\"http:\/\/www2.sbc.org.br\/wscad\/2019\/\">WSCAD 2019<\/a><\/td><td>16 a 18 de outubro<\/td><td>Campo Grande, MS<\/td><td><a href=\"https:\/\/sol.sbc.org.br\/index.php\/wscad\/issue\/view\/478\">WSCAD<\/a>,&nbsp;<a href=\"https:\/\/sol.sbc.org.br\/index.php\/sscad_estendido\/issue\/view\/479\">WSCAD-WIC<\/a>,&nbsp;<a href=\"https:\/\/sol.sbc.org.br\/livros\/index.php\/sbc\/catalog\/book\/46\">Minicursos<\/a><\/td><\/tr><tr><td><a href=\"http:\/\/www2.sbc.org.br\/wscad\/2018\/\">WSCAD 2018<\/a><\/td><td>01 a 05 de outubro<\/td><td>S\u00e3o Paulo, SP<\/td><td><a href=\"https:\/\/sol.sbc.org.br\/index.php\/wscad\/issue\/view\/746\">WSCAD<\/a>,&nbsp;<a href=\"https:\/\/link.springer.com\/book\/10.1007\/978-3-030-41050-6\">WSCAD (CCIS, Artigos selecionados)<\/a>,&nbsp;<a href=\"http:\/\/wscad.sbc.org.br\/2018\/anais\/anais-wscad-2018.pdf\">WSCAD-WIC<\/a>,&nbsp;<a href=\"https:\/\/sol.sbc.org.br\/livros\/index.php\/sbc\/catalog\/book\/25\">Minicursos<\/a><\/td><\/tr><tr><td><a href=\"http:\/\/www2.sbc.org.br\/wscad\/2017\/\">WSCAD 2017<\/a><\/td><td>17 a 20 de outubro<\/td><td>Campinas, SP<\/td><td><a href=\"https:\/\/sol.sbc.org.br\/index.php\/wscad\/issue\/view\/28\">WSCAD<\/a>,&nbsp;<a href=\"http:\/\/wscad.sbc.org.br\/2017\/anais\/anais-wscad-wic-2017.pdf\">WSCAD-WIC<\/a><\/td><\/tr><tr><td>WSCAD 2016<\/td><td>5 a 7 de outubro<\/td><td>Aracaj\u00fa, SE<\/td><td><a href=\"https:\/\/sol.sbc.org.br\/index.php\/wscad\/issue\/view\/706\">WSCAD<\/a>,&nbsp;<a href=\"http:\/\/wscad.sbc.org.br\/2016\/anais\/anais-wscad-wic-2016.pdf\">WSCAD-WIC<\/a><\/td><\/tr><tr><td><a href=\"http:\/\/www2.sbc.org.br\/wscad\/2015\/\">WSCAD 2015<\/a><\/td><td>18 a 21 de outubro<\/td><td>Florian\u00f3polis, SC<\/td><td><a href=\"https:\/\/sol.sbc.org.br\/index.php\/wscad\/issue\/view\/707\">WSCAD<\/a>,&nbsp;<a href=\"http:\/\/wscad.sbc.org.br\/2015\/anais\/anais-wscad-wic-2015.pdf\">WSCAD-WIC<\/a><\/td><\/tr><tr><td><a href=\"http:\/\/www2.sbc.org.br\/wscad\/2014\/\">WSCAD 2014<\/a><\/td><td>8 a 10 de outubro<\/td><td>S\u00e3o Jos\u00e9 dos Campos, SP<\/td><td><a href=\"https:\/\/sol.sbc.org.br\/index.php\/wscad\/issue\/view\/727\">WSCAD<\/a>,&nbsp;<a href=\"http:\/\/wscad.sbc.org.br\/2014\/anais\/anais-wscad-wic-2014.pdf\">WSCAD-WIC<\/a><\/td><\/tr><tr><td><a href=\"http:\/\/www2.sbc.org.br\/wscad\/2013\/\">WSCAD 2013<\/a><\/td><td>23 a 26 de outubro<\/td><td>Porto de Galinhas, PE<\/td><td><a href=\"https:\/\/sol.sbc.org.br\/index.php\/wscad\/issue\/view\/792\">WSCAD<\/a><\/td><\/tr><tr><td>WSCAD 2012<\/td><td>17 a 19 de outubro<\/td><td>Petr\u00f3polis, RJ<\/td><td><a href=\"https:\/\/sol.sbc.org.br\/index.php\/wscad\/issue\/view\/795\">WSCAD<\/a><\/td><\/tr><tr><td>WSCAD 2011<\/td><td>26 a 29 de outubro<\/td><td>Vit\u00f3ria, ES<\/td><td><a href=\"https:\/\/sol.sbc.org.br\/index.php\/wscad\/issue\/view\/819\">WSCAD<\/a><\/td><\/tr><tr><td>WSCAD 2010<\/td><td>27 a 30 de outubro<\/td><td>Petr\u00f3polis, RJ<\/td><td><a href=\"https:\/\/sol.sbc.org.br\/index.php\/wscad\/issue\/view\/824\">WSCAD<\/a><\/td><\/tr><tr><td>WSCAD 2009<\/td><td>28 a 31 de outubro<\/td><td>S\u00e3o Paulo, SP<\/td><td><a href=\"https:\/\/sol.sbc.org.br\/index.php\/wscad\/issue\/view\/825\">WSCAD<\/a><\/td><\/tr><tr><td>WSCAD 2008<\/td><td>29 de outubro a 1 de novembro<\/td><td>Campo Grande, MS<\/td><td><a href=\"https:\/\/sol.sbc.org.br\/index.php\/wscad\/issue\/view\/838\">WSCAD<\/a><\/td><\/tr><tr><td>WSCAD 2007<\/td><td>24 a 27 de outubro<\/td><td>Gramado, RS<\/td><td><a href=\"https:\/\/sol.sbc.org.br\/index.php\/wscad\/issue\/view\/875\">WSCAD<\/a><\/td><\/tr><tr><td>WSCAD 2006<\/td><td>18 a 20 de outubro<\/td><td>Ouro Preto, MG<\/td><td><a href=\"https:\/\/sol.sbc.org.br\/index.php\/wscad\/issue\/view\/883\">WSCAD<\/a>,&nbsp;<a href=\"https:\/\/sol.sbc.org.br\/index.php\/sscad_estendido\/issue\/view\/884\">WSCAD-WIC<\/a><\/td><\/tr><tr><td>WSCAD 2005<\/td><td>24 a 27 de outubro<\/td><td>Rio de Janeiro, RJ<\/td><td><a href=\"https:\/\/sol.sbc.org.br\/index.php\/wscad\/issue\/view\/885\">WSCAD<\/a><\/td><\/tr><tr><td>WSCAD 2004<\/td><td>27 a 29 de outubro<\/td><td>Foz de Igua\u00e7u, PR<\/td><td><a href=\"https:\/\/sol.sbc.org.br\/index.php\/wscad\/issue\/view\/886\">WSCAD<\/a><\/td><\/tr><tr><td>WSCAD 2003<\/td><td>10 a 12 de novembro<\/td><td>S\u00e3o Paulo, SP<\/td><td><a href=\"https:\/\/sol.sbc.org.br\/index.php\/wscad\/issue\/view\/889\">WSCAD<\/a><\/td><\/tr><tr><td>WSCAD 2002<\/td><td>28 a 30 de outubro<\/td><td>Vit\u00f3ria, ES<\/td><td><a href=\"https:\/\/sol.sbc.org.br\/index.php\/wscad\/issue\/view\/952\">WSCAD<\/a><\/td><\/tr><tr><td>WSCAD 2001<\/td><td>10 a 12 de setembro<\/td><td>Piren\u00f3polis, GO<\/td><td><a href=\"https:\/\/sol.sbc.org.br\/index.php\/wscad\/issue\/view\/890\">WSCAD<\/a><\/td><\/tr><tr><td>WSCAD 2000<\/td><td>25 a 27 de outubro<\/td><td>S\u00e3o Pedro, SP<\/td><td><a href=\"https:\/\/sol.sbc.org.br\/index.php\/wscad\/issue\/view\/945\">WSCAD<\/a><\/td><\/tr><\/tbody><\/table><\/figure>\n\n\n\n<p><\/p>\n","protected":false},"excerpt":{"rendered":"<p>O Simp\u00f3sio em Sistemas Computacionais de Alto Desempenho (SSCAD) \u00e9 o principal evento nacional das \u00e1reas de Arquitetura de Computadores, Processamento de Alto Desempenho e Sistemas Distribu\u00eddos. Criado em 2000, originalmente com a sigla &#8220;WSCAD&#8221;, o simp\u00f3sio apresenta as principais pesquisas, desenvolvimentos, aplica\u00e7\u00f5es e tend\u00eancias nas \u00e1reas de Arquitetura de Computadores, Processamento de Alto Desempenho [&hellip;]<\/p>\n","protected":false},"author":2,"featured_media":0,"parent":0,"menu_order":0,"comment_status":"closed","ping_status":"closed","template":"","meta":{"footnotes":""},"class_list":["post-160","page","type-page","status-publish","hentry"],"_links":{"self":[{"href":"https:\/\/www2.sbc.org.br\/ce-acpad\/wp-json\/wp\/v2\/pages\/160","targetHints":{"allow":["GET"]}}],"collection":[{"href":"https:\/\/www2.sbc.org.br\/ce-acpad\/wp-json\/wp\/v2\/pages"}],"about":[{"href":"https:\/\/www2.sbc.org.br\/ce-acpad\/wp-json\/wp\/v2\/types\/page"}],"author":[{"embeddable":true,"href":"https:\/\/www2.sbc.org.br\/ce-acpad\/wp-json\/wp\/v2\/users\/2"}],"replies":[{"embeddable":true,"href":"https:\/\/www2.sbc.org.br\/ce-acpad\/wp-json\/wp\/v2\/comments?post=160"}],"version-history":[{"count":16,"href":"https:\/\/www2.sbc.org.br\/ce-acpad\/wp-json\/wp\/v2\/pages\/160\/revisions"}],"predecessor-version":[{"id":596,"href":"https:\/\/www2.sbc.org.br\/ce-acpad\/wp-json\/wp\/v2\/pages\/160\/revisions\/596"}],"wp:attachment":[{"href":"https:\/\/www2.sbc.org.br\/ce-acpad\/wp-json\/wp\/v2\/media?parent=160"}],"curies":[{"name":"wp","href":"https:\/\/api.w.org\/{rel}","templated":true}]}}